{"id":384,"date":"2024-03-24T09:43:06","date_gmt":"2024-03-24T09:43:06","guid":{"rendered":"https:\/\/andreasryser.ch\/?page_id=384"},"modified":"2025-01-15T09:26:01","modified_gmt":"2025-01-15T09:26:01","slug":"datenschutzerklaerung","status":"publish","type":"page","link":"https:\/\/gesundheitspraxis-kyburz.ch\/index.php\/datenschutzerklaerung\/","title":{"rendered":"Datenschutzerkl\u00e4rung"},"content":{"rendered":"<div class=\"\" style=\"\" >\n    \n    <section class=\"u-align-left u-clearfix u-container-align-left u-image u-section-2\" id=\"sec-310d\" data-image-width=\"1534\" data-image-height=\"1080\" style=\"background-image: url(&quot;https:\/\/gesundheitspraxis-kyburz.ch\/wp-content\/uploads\/2024\/02\/bvvbb.png&quot;);\">\n      <div class=\"u-clearfix u-sheet u-valign-bottom u-sheet-1\">\n        <div class=\"fr-view u-clearfix u-rich-text u-text u-text-1\">\n          <h3 style=\"text-align: center;\">Datenschutzerkl\u00e4rung<\/h3>\n          <p>\n            <br>\n          <\/p>\n          <p id=\"isPasted\">\n            <br>\n          <\/p>\n          <p>Wir, die (alternativmedizinische\/komplement\u00e4rtherapeutische) Gesundheitspraxis Kyburz GmbH best\u00e4tigen hiermit, uns an die folgenden Regeln gem\u00e4ss Datenschutzgesetz und Datenschutzverordnung zu halten.<\/p>\n          <p>Zweck dieser Datenschutzerkl\u00e4rung ist es, Sie als unsere Klient*in\/Patient*in, \u00fcber unseren Umgang mit Ihren pers\u00f6nlichen und sensiblen Daten, die in unserer Praxis gesammelten werden, zu informieren.<\/p>\n          <p>Es werden nur solche Daten bearbeitet, die mit der therapeutischen Behandlung in Zusammenhang stehen oder die f\u00fcr eine Information \u00fcber allf\u00e4llige Angebote relevant sind. Es handelt sich dabei ausschliesslich um Daten, die wir mit Ihrem Einverst\u00e4ndnis aufgenommen haben, die Sie uns haben zukommen lassen oder die in \u00f6ffentlich zug\u00e4nglichen Verzeichnissen (Telefonbuch etc.) zu finden sind. Dies k\u00f6nnen allgemeine Daten zu Ihrer Person (Name, Anschrift, Telefonnummer usw.), Angaben zu Ihrer Gesundheit\/zum Krankheitsverlauf, bereits gestellte Diagnosen und gegebenenfalls weitere Daten sein, welche Sie uns aufgrund der Behandlung \u00fcbermittelt haben (Patientendossiers).<\/p>\n          <p>Gesammelt, gespeichert und bearbeitet werden diese Daten ausschliesslich in Ihrem&nbsp;Patient*innendossier\/Klient*innendossier, resp. in dem f\u00fcr die Administration notwendigen Dossier, insbesondere in der f\u00fcr die Fakturierung gem\u00e4ss Tarif 590 notwendigen Software. An diesen beiden Aufbewahrungsorten sind s\u00e4mtliche an Ihren Daten vorgenommenen Bearbeitungsschritte inklusive der verantwortlichen Personen nachvollziehbar.<\/p>\n          <p>Ihre personenbezogenen Daten eben wir ausschliesslich an Personen oder Bereiche unserer Praxis weiter, die diese zur Erf\u00fcllung der vertraglichen und gesetzlichen Pflichten ben\u00f6tigen. Diese Personen sind \u00fcber die geltenden Datenschutzregeln informiert und verpflichtet, diese einzuhalten.<\/p>\n          <p>Weiteren Personen oder Institutionen (Versicherungen etc.) werden Ihre Daten oder Teile davon ausschliesslich mit Ihrem expliziten Einverst\u00e4ndnis zug\u00e4nglich gemacht. Als Ausnahmen gelten richterliche Anordnungen oder die Durchsetzung berechtigter Anspr\u00fcche seitens der Praxis.<\/p>\n          <p>Soweit Ihre Daten physisch gesammelt und bearbeitet werden, werden diese in einem abschliessbaren, unbefugten Drittpersonen nicht zug\u00e4nglichen Raum oder Schrank aufbewahrt. Elektronisch gesammelte Daten werden gesichert aufbewahrt (Firewall, Passwort etc.).<\/p>\n          <p>Wo es nicht kantonale oder andere gesetzliche Regelungen anders bestimmen, werden Ihre von uns gesammelten Daten zwanzig Jahre nach Ihrer letzten Konsultation in unserer Praxis gel\u00f6scht.<\/p>\n          <p>Die schriftliche Kommunikation zwischen unserer Praxis und Ihnen findet per E-Mail statt. Entweder mit einem \u00fcblichen Verschl\u00fcsselungsprogramm verschl\u00fcsselt oder \u2013 mit Ihrem schriftlichen Einverst\u00e4ndnis \u2013 unverschl\u00fcsselt.<\/p>\n          <p>Als gegenw\u00e4rtige oder ehemalige Patient*in\/Klient*in k\u00f6nnen Sie von uns jederzeit ein Doppel aller Ihrer von uns gesammelten Daten in einem g\u00e4ngigen elektronischen Format verlangen. Nur physisch vorhandene Daten werden zu diesem Zweck gescannt und Ihnen als PDF-Datei oder in Papierform zugestellt. Die Daten werden Ihnen in der Regel kostenlos und innert maximal 30 Tagen \u00fcbergeben.<\/p>\n          <p>Verantwortlich f\u00fcr s\u00e4mtliche Fragen, die in Zusammenhang mit der Verarbeitung Ihrer personenbezogenen Daten und Wahrnehmung Ihrer Rechte stehen, ist der\/die f\u00fcr Sie zust\u00e4ndige Therapeut*in.<\/p>\n          <p id=\"isPasted\">Es k\u00f6nnen Inhalte aus YouTube, Instagram und Facebook auf unserer Webseite eingebunden sein. In diesem Fall gelten auch die Datenschutzbestimmungen dieser Inhaltsanbieter.<\/p>\n          <p>Ursula Kyburz<\/p>\n          <p>Version vom 30. August 2023<\/p>\n          <p>\n            <br>\n          <\/p>\n          <p>&nbsp;<\/p>\n        <\/div>\n      <\/div>\n    <\/section>\n    \n    \n    \n    \n    \n    \n    \n    \n  \n<\/div>","protected":false},"excerpt":{"rendered":"<p>Datenschutzerkl\u00e4rung Wir, die (alternativmedizinische\/komplement\u00e4rtherapeutische) Gesundheitspraxis Kyburz GmbH best\u00e4tigen hiermit, uns an die folgenden Regeln gem\u00e4ss Datenschutzgesetz und Datenschutzverordnung zu halten. Zweck dieser Datenschutzerkl\u00e4rung ist es, Sie als unsere Klient*in\/Patient*in, \u00fcber unseren Umgang mit Ihren pers\u00f6nlichen und sensiblen Daten, die in unserer Praxis gesammelten werden, zu informieren. Es werden nur solche Daten bearbeitet, die mit der [&hellip;]<\/p>\n","protected":false},"author":1,"featured_media":0,"parent":0,"menu_order":0,"comment_status":"closed","ping_status":"closed","template":"","meta":{"iawp_total_views":70,"footnotes":""},"class_list":["post-384","page","type-page","status-publish","hentry"],"_links":{"self":[{"href":"https:\/\/gesundheitspraxis-kyburz.ch\/index.php\/wp-json\/wp\/v2\/pages\/384","targetHints":{"allow":["GET"]}}],"collection":[{"href":"https:\/\/gesundheitspraxis-kyburz.ch\/index.php\/wp-json\/wp\/v2\/pages"}],"about":[{"href":"https:\/\/gesundheitspraxis-kyburz.ch\/index.php\/wp-json\/wp\/v2\/types\/page"}],"author":[{"embeddable":true,"href":"https:\/\/gesundheitspraxis-kyburz.ch\/index.php\/wp-json\/wp\/v2\/users\/1"}],"replies":[{"embeddable":true,"href":"https:\/\/gesundheitspraxis-kyburz.ch\/index.php\/wp-json\/wp\/v2\/comments?post=384"}],"version-history":[{"count":8,"href":"https:\/\/gesundheitspraxis-kyburz.ch\/index.php\/wp-json\/wp\/v2\/pages\/384\/revisions"}],"predecessor-version":[{"id":580,"href":"https:\/\/gesundheitspraxis-kyburz.ch\/index.php\/wp-json\/wp\/v2\/pages\/384\/revisions\/580"}],"wp:attachment":[{"href":"https:\/\/gesundheitspraxis-kyburz.ch\/index.php\/wp-json\/wp\/v2\/media?parent=384"}],"curies":[{"name":"wp","href":"https:\/\/api.w.org\/{rel}","templated":true}]}}